{"id":417,"date":"2026-01-30T03:21:54","date_gmt":"2026-01-30T03:21:54","guid":{"rendered":"https:\/\/cooperadorapelle.org.ar\/palacio\/?page_id=417"},"modified":"2026-02-03T03:59:30","modified_gmt":"2026-02-03T03:59:30","slug":"geografia","status":"publish","type":"page","link":"https:\/\/cooperadorapelle.org.ar\/palacio\/index.php\/geografia\/","title":{"rendered":"Geograf\u00eda"},"content":{"rendered":"<div class=\"et_pb_section_0 et_pb_section et_section_regular et_block_section\">\n<div class=\"et_pb_row_0 et_pb_row et_pb_equal_columns et_pb_gutters3 et_block_row\">\n<div class=\"et_pb_column_0 et_pb_column et_pb_column_1_2 et_block_column et_pb_css_mix_blend_mode_passthrough\">\n<div class=\"et_pb_text_0 et_pb_text et_pb_bg_layout_dark et_pb_module et_block_module\"><div class=\"et_pb_text_inner\"><h1>Profesorado de Geograf\u00eda<\/h1>\n<\/div><\/div>\n<\/div>\n\n<div class=\"et_pb_column_1 et_pb_column et_pb_column_1_2 et-last-child et_block_column et_pb_css_mix_blend_mode_passthrough\">\n<div class=\"et_pb_module et_pb_button_module_wrapper et_pb_button_0_wrapper\"><a class=\"et_pb_button_0 et_pb_button et_pb_bg_layout_light et_pb_module et_block_module\" href=\"\">Inscripci\u00f3n<\/a><\/div>\n<\/div>\n<\/div>\n<\/div>\n\n<div class=\"et_pb_section_1 et_pb_section et_section_regular et_block_section\">\n<div class=\"et_pb_row_1 et_pb_row et_flex_row\">\n<div class=\"et_pb_column_2 et_pb_column et_flex_column et_pb_css_mix_blend_mode_passthrough et_flex_column_18_24 et_flex_column_18_24_tablet et_flex_column_24_24_phone\">\n<div class=\"et_pb_text_1 et_pb_text et_pb_bg_layout_light et_pb_module et_block_module\"><div class=\"et_pb_text_inner\"><p><span style=\"font-weight: 400;\">El Profesorado de Educaci\u00f3n Secundaria en Geograf\u00eda, que se dicta regularmente en nuestro instituto desde 2015, ofrece los contenidos m\u00e1s actualizados sobre este campo de conocimiento y los procedimientos para su ense\u00f1anza.\u00a0<\/span><\/p>\n<p><span style=\"font-weight: 400;\">Encaramos la formaci\u00f3n docente en el marco sociohist\u00f3rico y sociopol\u00edtico del presente en el que se encuentran tanto los futuros profesores como los docentes que nos desempe\u00f1amos en esta Instituci\u00f3n. Concebimos a la Geograf\u00eda como una disciplina que contribuye, junto a otras &#8211; muy especialmente la Historia que tambi\u00e9n se dicta en este instituto &#8211; a identificar y desentra\u00f1ar las fuerzas sociales y pol\u00edticas presentes en los espacios geogr\u00e1ficos. Se trata de aprender a conocer cu\u00e1les son las fuerzas sociales que nos limitan, pero tambi\u00e9n nos habilitan a la acci\u00f3n geogr\u00e1fica. Ense\u00f1ar y aprender Geograf\u00eda implica, entonces, indagar constantemente sobre esas fuerzas que nos constituyen como integrantes de la sociedad y de las geograf\u00edas por \u00e9sta generada y, desde all\u00ed, pensar y articular colectivamente procesos de cambio orientados a la emancipaci\u00f3n de uno mismo y de la sociedad a la que pertenecemos. Este proceso de formaci\u00f3n integral supone, por lo tanto, una toma de distancia frente a lo que en la sociedad y sus geograf\u00edas parece dado y evidente (muchas veces relatado con intencionalidades espec\u00edficas alejadas del bien com\u00fan de la sociedad) y, en esa toma de distancia cr\u00edtica, descubrir todo aquello que \u201cno se ve\u201d a simple vista en los territorios, lo cual nos ser\u00e1 de utilidad para entenderlos.<\/span><\/p>\n<p><span style=\"font-weight: 400;\">Nuestro Profesorado de Geograf\u00eda invita a todos aquellos interesados en \u201csaber\u201d Geograf\u00eda y en transmitirla en funci\u00f3n del cambio social emancipador, a entrar en el mundo del descubrimiento de todo aquello que no se ve de manera evidente en la sociedad pero que incide sobre nuestras vidas.\u00a0<\/span><\/p>\n<\/div><\/div>\n<\/div>\n\n<div class=\"et_pb_column_3 et_pb_column et-last-child et_flex_column et_pb_css_mix_blend_mode_passthrough et_flex_column_6_24 et_flex_column_6_24_tablet et_flex_column_24_24_phone\">\n<div class=\"et_pb_text_2 et_pb_text et_pb_bg_layout_light et_pb_module et_flex_module\"><div class=\"et_pb_text_inner\"><h6><strong>T\u00edtulo<\/strong><\/h6>\n<h5>Profesor\/a de Educaci\u00f3n Superior en Historia. Validez nacional.<\/h5>\n<h6><b>Duraci\u00f3n<\/b><\/h6>\n<h5>5 a\u00f1os para ejercer en nivel medio \/ 6 a\u00f1os para ejercer en nivel superior no universitario.<\/h5>\n<h6><b>Modalidad<\/b><\/h6>\n<h5>Presencial.<\/h5>\n<h6><b>Costo<\/b><\/h6>\n<h5>Gratuita.<\/h5>\n<\/div><\/div>\n\n<div class=\"et_pb_menu_0 et_pb_menu et_pb_menu--without-logo et_pb_menu--style-left_aligned et_dropdown_animation_fade et_pb_bg_layout_light et_pb_text_align_right-tablet et_pb_text_align_right-phone et_pb_module et_flex_module\"><div class=\"et_pb_menu_inner_container et_flex_module\"><div class=\"et_pb_menu__wrap\"><div class=\"et_pb_menu__menu\"><nav class=\"et-menu-nav\"><ul id=\"menu-geografia\" class=\"et-menu nav downwards\"><li id=\"menu-item-775\" class=\"et_pb_menu_page_id-399 menu-item menu-item-type-post_type menu-item-object-page menu-item-775\"><a href=\"https:\/\/cooperadorapelle.org.ar\/palacio\/index.php\/geografia\/geografia-programa\/\">Programa<\/a><\/li>\n<li id=\"menu-item-772\" class=\"et_pb_menu_page_id-419 menu-item menu-item-type-post_type menu-item-object-page menu-item-772\"><a href=\"https:\/\/cooperadorapelle.org.ar\/palacio\/index.php\/geografia\/geografia-aulas-y-horarios\/\">Aulas y horarios<\/a><\/li>\n<li id=\"menu-item-773\" class=\"et_pb_menu_page_id-403 menu-item menu-item-type-post_type menu-item-object-page menu-item-773\"><a href=\"https:\/\/cooperadorapelle.org.ar\/palacio\/index.php\/geografia\/geografia-correlatividades\/\">Correlatividades<\/a><\/li>\n<li id=\"menu-item-774\" class=\"et_pb_menu_page_id-401 menu-item menu-item-type-post_type menu-item-object-page menu-item-774\"><a href=\"https:\/\/cooperadorapelle.org.ar\/palacio\/index.php\/geografia\/geografia-incumbencias-profesionales\/\">Incumbencias profesionales<\/a><\/li>\n<\/ul><\/nav><\/div><div class=\"et_mobile_nav_menu\"><div class=\"mobile_nav closed\"><span class=\"mobile_menu_bar\"><\/span><\/div><\/div><\/div><\/div><\/div>\n<\/div>\n<\/div>\n<\/div>\n\n<div class=\"et_pb_section_2 et_pb_section et_section_regular et_block_section\"><\/div>","protected":false},"excerpt":{"rendered":"","protected":false},"author":1,"featured_media":0,"parent":0,"menu_order":0,"comment_status":"closed","ping_status":"closed","template":"","meta":{"footnotes":""},"class_list":["post-417","page","type-page","status-publish","hentry"],"_links":{"self":[{"href":"https:\/\/cooperadorapelle.org.ar\/palacio\/index.php\/wp-json\/wp\/v2\/pages\/417","targetHints":{"allow":["GET"]}}],"collection":[{"href":"https:\/\/cooperadorapelle.org.ar\/palacio\/index.php\/wp-json\/wp\/v2\/pages"}],"about":[{"href":"https:\/\/cooperadorapelle.org.ar\/palacio\/index.php\/wp-json\/wp\/v2\/types\/page"}],"author":[{"embeddable":true,"href":"https:\/\/cooperadorapelle.org.ar\/palacio\/index.php\/wp-json\/wp\/v2\/users\/1"}],"replies":[{"embeddable":true,"href":"https:\/\/cooperadorapelle.org.ar\/palacio\/index.php\/wp-json\/wp\/v2\/comments?post=417"}],"version-history":[{"count":7,"href":"https:\/\/cooperadorapelle.org.ar\/palacio\/index.php\/wp-json\/wp\/v2\/pages\/417\/revisions"}],"predecessor-version":[{"id":788,"href":"https:\/\/cooperadorapelle.org.ar\/palacio\/index.php\/wp-json\/wp\/v2\/pages\/417\/revisions\/788"}],"wp:attachment":[{"href":"https:\/\/cooperadorapelle.org.ar\/palacio\/index.php\/wp-json\/wp\/v2\/media?parent=417"}],"curies":[{"name":"wp","href":"https:\/\/api.w.org\/{rel}","templated":true}]}}